-148 - -105 - (-62 - -2)?
17
What is the value of (-51 - -8) + 1 - (4 + 22)?
-68
Evaluate -101 - ((-25 - 82) + 106).
-100
Evaluate -114 - -64 - -114 - 10.
54
What is 56 + (5 + (21 - 32) - (-39 - -21))?
68
What is the value of 43 - (9 + -6) - (10 - (-10 - -16))?
36
Calculate (5 + -10 + 1 - -2) + (-56 - 3).
-61
Evaluate 32 + (22 - 44 - 29) - -46.
27
Evaluate 24668 + -24612 + 0 + -107.
-51
What is -18 + 8 + -14 + 4 - (3 + -3)?
-20
Calculate 30 - 8 - 27 - (15 - (21 - 8)).
-7
Evaluate (-45 + -15 + 104 - 59) + -12.
-27
1082 + -1060 + (-87 - 1)
-66
What is the value of 5 + (-31 + 5 + (3 - -20) - (-1 + -4))?
7
What is -11 - 28 - -12 - ((-2 - 10) + (18 - 14))?
-19
Evaluate 72 + -48 + (-14 - -33).
43
Evaluate 304 + -276 - (-14 - (-4 + 4 + (-1 - 1))).
40
Calculate 114 - (-57 + 147 - -58).
-34
Evaluate -60 + 67 + -4 - (-19 + (-2 - -1)).
23
Calculate -35 + 44 + (0 - -83) + (-36 - -30) + -10.
76
Calculate -17 - (246 - 291) - (-4 + 0).
32
-32 + -5 + -7 + 79 + -13
22
What is 5 + (-7 - -22) + 1 + (-17 - (-24 + 15))?
13
Calculate -22 + -2 + (2 - 113 - -58).
-77
What is the value of -41 + (1 - 1) + 84 + (-22 - 48)?
-27
-43 + 39 + (-1 + -4 - -2 - 3)
-10
Evaluate -58 + (-63 - -96) - (0 + -14).
-11
What is 32 + -18 + (60 - 67)?
7
What is -12 - (23 + 0 - (-21 + 35) - 1)?
-20
What is the value of 13 + -40 + (117 - (-50 - -34))?
106
(2 - (4 - -104)) + (-39 - -75) + 1 + -51
-120
What is 2 + 60 + -31 - 53?
-22
Calculate -72 - (3 + 0) - ((23 - 13) + -6).
-79
What is the value of 258 - 104 - (82 + -49)?
121
Calculate -118 + 85 - (9 + 13 + 3).
-58
Evaluate 100 + 0 + (-9 - (-49 + 45 - (-8 - -2))).
89
Evaluate 69 + -102 + 64 + -50.
-19
Evaluate (1 - 3) + -12 + (105 + -5 + 6 - -1).
93
4 - (28 - ((-26 - -1) + 16))
-33
What is the value of -115 - (-78 - -20) - -94?
37
Calculate -6 - ((-3 - -6) + (-9 + 1 - (182 - 143))).
38
Calculate (39 - 30) + (-44 - (-6 - (-6 + -3))).
-38
(12 - -4) + -7 + 4 + -130
-117
Calculate 76 + ((-6 - (-1 - -3)) + (11 - 21) - -6).
64
-107 + 26 - (7 + -8 - -2)
-82
(-14 - -7) + 45 + -5 + (1 - 1)
33
Calculate 32 + (-23 - -3) - (-1 - (23 + 0)).
36
Evaluate -70 - (-79 - (46 + -83)).
-28
Calculate (1 - 1) + (-16 - -12) + -264 + 225.
-43
(-1 - (11 - -11 - 23 - 23)) + 68
91
What is the value of 17 - (-48 + -8 - 33)?
106
Calculate -2 - -60 - 155 - -82.
-15
What is 126 - (137 + -18) - (-40 - -2)?
45
What is the value of -10 + (4 - 7 - 23 - (-8 + 20))?
-48
Evaluate -15 + (65 + -36 - 24 - (1 + 62)).
-73
What is the value of (-21 + 17 - 15) + (14 + -5 - (-3 - 2))?
-5
What is the value of (12 - 1 - (18 - -69)) + -2 + (-4 - -13)?
-69
111 + 58 + 27 - 71
125
Evaluate 81 + 28 + (-13 - (-23 + 61)).
58
Calculate -22 + 41 + -90 - -86.
15
What is the value of 35 - 170 - (-25 - -9) - (0 - 17)?
-102
-14 + 2 + (-16 - -18) - (-25 + (-1 - -3))
13
-3 + (177 + 2 - 52)
124
What is the value of -55 + 64 + -22 + 5 + 4?
-4
What is the value of (-1 - -3 - -4) + 27 + -23 + -6 - -48?
52
Calculate (22 - 61) + -16 + 6.
-49
Calculate 172 + -86 - (207 + -55).
-66
2 - 1 - -4 - -30 - (-3 + 7)
31
121 + 85 + (-104 - -23)
125
What is the value of 14 + -24 + -30 + 42?
2
(-9 - -11) + (36 - (-7 + 6 - 9))
48
Calculate 2 + -3 - -14 - (-45 + 23 + 53).
-18
What is the value of -3 - 63 - (-359 - -284)?
9
What is the value of (15 - ((3 - -3) + -4)) + (-223 - -162)?
-48
Calculate -62 - (-16 - (4 + -12) - ((-2 - 0) + -2)).
-58
Evaluate (-11 - (-15 + 11) - -10) + 5 + (-3 - -14).
19
Evaluate -25 - -2 - (-2925 - -2881).
21
What is (-134 - -80) + 7 + 0 + 3?
-44
Evaluate 2 + 0 + 41 - 38.
5
(45 - -6) + 0 + 1 - (-79 - -108 - 19)
42
What is -3 + -51 + (1461 - 1377)?
30
What is the value of (11 - -92) + -132 - (-25 - -2)?
-6
What is 39 + (-20 - (-7 + -12 - -19))?
19
What is (-2 - -1) + (-18 - (2 - 10 - 2) - -1)?
-8
Evaluate (-4 - (-7 + 18) - -4 - 6 - -8) + 57.
48
What is -43 + 11 + -3 + 26 + 4?
-5
What is (-186 - -170) + (-2 - 22) - -135?
95
Evaluate 9 - -12 - (77 + -26 - -22).
-52
Calculate -62 + 64 - (-37 - -1).
38
-5 - ((9 - (26 - 5)) + -1) - 31
-23
What is 9 - -45 - -14 - (-7 + 18)?
57
What is (-3 - -2) + 26 - (-61 + (-11 - -65))?
32
What is the value of (3 - 3) + -10 - (579 + -592)?
3
What is -19 - (-20 - -1) - 20 - -81?
61
-66 + (23 - (-3 - -13)) + -4 + 1 + -2
-58
Evaluate 39 + (-7 - (28 + -38)).
42
-8 - (-5 + -5 - -9) - (0 + 83)
-90
Evaluate -7 + 8 + (19 - (11 + -3)) + 22.
34
Calculate -90 + (6 - 4 - -6) + -57 + 62.
-77
What is the value of -141 - -124 - (26 + 4)?
-47
(0 - 26) + -2588 + 2593
-21
Evaluate -9 + 64 + -17 - (2 + 2 + 0) - -5.
39
What is the value of (-6 - (-12 - 3) - -6) + 109 + -118?
6
What is the value of 31 - ((3 - -5) + -4 + (3 - -5) - 16)?
35
What is -3 + -122 + (59 + -57 - (-17 - -8))?
-114
Evaluate (68 - 59) + (-7 - (-20 - -10)).
12
What is 50 + -3 + (-74 - (-12 + -44))?
29
Calculate -32 + -4 + 111 + (-14 - -13).
74
What is the value of 1 + 26 + (-3 - -2) + 0 + (2 - 1)?
27
What is the value of -23 + 2 + (15 + -15 - -65)?
44
What is the value of 4 + -25 + -51 + 88?
16
-2 + -47 - (-9174 + 9149)
-24
Evaluate (-7 - 5 - -37) + 15 + -8 + 4 - -2.
38
Evaluate 73 + (36 - (74 + 29)).
6
Calculate 4 + -8 + (149 - 179) + 3 + (0 - -1).
-30
Evaluate -76 - (-24 - 15 - -2).
-39
-13 + 34 + 3 - -25
49
(37 - (42 - 63)) + -13
45
What is the value of -1 + (2 - 0) - (-14 - (18 - 34))?
-1
What is 21 + (-4 - 29 - 23)?
-35
What is (1 - 2) + (0 - -5) + (-13933 - -13844)?
-85
What is (0 - 16 - -3) + (91 - 83) + -10?
-15
Evaluate -6 - (-2 + 38 - -5) - -1.
-46
Evaluate -3 + 2 - 11 - (-24 - (-27 - (26 - 71))).
30
Evaluate 6 + (-9 + -10 - -3) + -9 + -5.
-24
What is 6 + 116 + -45 + -42?
35
What is 5 + -18 + -79 + -6?
-98
-11 + 0 + 3 + 17 + -12 + -1
-4
Evaluate -16 + 91 - ((0 - -27) + -24).
72
What is the value of (5 - -4) + -30 + (-25 - -41) + -26?
-31
What is (-7 - (2 + -4 + 1)) + (32 + -12 - 28)?
-14
What is (-16 - (1 - 4)) + (-54 - -60) + -5?
-12
Evaluate (-26 - (31 + -83) - 25) + -40.
-39
What is -10 - (35 - (-37 - -131))?
49
What is 13 + -2 + -34 + 1 - 19?
-41
What is the value of 1 - (-5 + 64) - (292 + -302)?
-48
Evaluate 841 + -852 - (-2 - (-51 - -4)).
-56
What is 168 + -74 + (-60 - -46)?
80
6 + 11 - (31 + 4 + -38)
20
What is 0 + -3 + (3 - 1) + 0 - (-2159 - -2161)?
-3
-113 - -79 - (23 - 0 - (-14 + (-1 - -24)))
-48
What is (126 + -130 - (-8 - 2)) + (-3 - 0) + -44?
-41
Calculate 0 + -4 + 12 + (-2 - -21).
27
What is 16 - ((-2 + -7 - -20) + (-23 - -37))?
-9
What is the value of -17 + 34 + -50 + 6 - (-1 - 0)?
-26
What is the value of 32 - (18 - -2 - (53 - 10))?
55
(-44 + 18 - -32) + -29
-23
What is -17780 + 17789 + (0 - (0 + 1)) + 0 + -77?
-69
((-44 - -21) + 6 + 12 - (-3 + -1)) + 8
7
Evaluate -60 + 17 - (6 + 7 - 22).
-34
Calculate 20 + -6 + (6 + 35 - (-2 + -9 + 20)).
46
What is the value of (-11 - 0 - (-110 - (6 + -5))) + 20?
120
What is the value of -3 + 98 + -3 - (69 + 17 + -70)?
76
What is (-13 + 32 + 35 - 151) + (-1 - 0) + -2?
-100
What is the value of -87 + (-1 + -19 - -26) - 7?
-88
Calculate -7 - (-25 - (11 + -27)) - 7 - 49.
-54
What is the value of -7 + (-64 - -21 - -2 - -19)?
-29
Evaluate (-156 - -3) + 3176 + -3095.
-72
Calculate 10 + 5 + (-3 + 20 - (14 + 18 + -20)).
20
-24 - -8 - (589 + -673)
68
-17 + -100 + 23 + -2 - -13
-83
-399 + 437 + (0 - 39)
-1
13 - (-43 + 22 + 32) - 13
-11
Calculate (9 + -6 - 6) + (-1 - (-3 - -90 - 2)).
-89
What is 79 + (5 - -4) - (-49 + (21 - -18))?
98
95 + -99 + 9 - (1 - (-1 - -23))
26
Calculate 17 + 159 + -158 + (7 - 5) + -98.
-78
Calculate 61 + (-31 + 52 - -11) + -9.
84
Calculate -4 + 3 - ((-18 - (110 + -8)) + 18 - 15).
116
What is the value of 65 + 35 + -36 + -22?
42
What is (-15 + (31 - 16) - (-15 - -3)) + -27 + 90?
75
Evaluate (13 - (-29 - -25) - 28) + (39 - 0).
28
What is 1 + 92 + (1 - 1 - -4 - (1084 + -1087))?
100
What is -2 + -17 + (13 + -33 - -23) + -1?
-17
What is the value of (7 - (8 + 13)) + 6 - -3?
-5
143 + -387 - -266 - (-108 + 0 + -2)
132
Calculate 17 + 2 - (56 - (5 - -23) - 40).
31
Evaluate -13 + (5 - (-30 + 68 + -7)).
-39
(-30 - (-6 + 3)) + -46 + 49
-24
Evaluate -11 - (-7 + 10 + (6 - 9)) - -60.
49
What is the value of -16 + 94 + -82 + -45?
-49
What is -1011 - -1011 - (-2 - 17)?
19
Calculate -1 + -1 - (-7 - -2) - (640 + -629).
-8
What is the value of -12749 + 12729 - (-2 - (-2 + -2))?
-22
47 + (-24 - (-8 - (-7 - (21 + -31))))
34
(-16 - -14) + (8 + -6 - -4) - -5 - -74